uppose -5*m - d = -3*d - 43, 0 = m + 5*d + 13. Suppose -m*i + 3*i = -40. List the prime factors of i.
2, 5
Let h(a) be the first derivative of a**3 + a**2 - 2*a + 1. Suppose -1 = -z + 1. What are the prime factors of h(z)?
2, 7
Let w(r) = -18*r**2 + 2*r - 1. Let h be w(1). Let p = 1 - h. List the prime factors of p.
2, 3
Let z be (28 + -4)*(-21)/(-6). Let y = z - 57. What are the prime factors of y?
3
Suppose 247 = 3*t - 47. What are the prime factors of t?
2, 7
Let l = 4 - 3. Let o be -2*(l + (-38)/4). Suppose h - 5*x + o = 0, 0 = h - 0*h - x + 1. What are the prime factors of h?
3
Let m(i) = -6*i - 11. Let k be m(-4). What are the prime factors of (0 + k)*(6 + -3)?
3, 13
Let x be (-14)/28 - (-11)/2. Suppose -32 = -x*h + 108. What are the prime factors of h?
2, 7
Let b(y) be the second derivative of -y**4/12 + 11*y**3/6 - 2*y**2 - 4*y. List the prime factors of b(6).
2, 13
Suppose -3*z = 2*z - 2*g - 85, 0 = 2*z - 2*g - 34. What are the prime factors of z?
17
Let h = -47 + 72. What are the prime factors of h?
5
Suppose -46 - 46 = -4*y. Let t be (-176)/18 + 4/(-18). Let o = y + t. What are the prime factors of o?
13
Let y = -2 + -1. Let u(d) = 2*d**3 + 9*d**2 - 7*d + 3. Let t(i) = -5*i**3 - 19*i**2 + 14*i - 6. Let j(a) = y*t(a) - 7*u(a). List the prime factors of j(5).
7
Suppose -4*r + 2*i = 6*i - 52, -5*r = 4*i - 69. What are the prime factors of r?
17
Let b(n) = 41*n**3 - n**2 + n - 1. Let x be b(1). List the prime factors of (-10)/x + (-13)/(-4).
3
Let j(y) be the first derivative of 5*y**3 + y**2/2 - y - 3. What are the prime factors of j(1)?
3, 5
Let o(m) = m + 1. Let a(c) = c**2 - 2*c + 9. Let j(v) = a(v) - 3*o(v). List the prime factors of j(4).
2
Suppose 0 = m + 4 - 16. Let q = -9 + m. Suppose -w + 5*b = -q*w + 56, 0 = 5*w + 3*b - 102. List the prime factors of w.
2, 3
Suppose 4*m - 5*g = -12, -m = 6*g - 3*g + 3. List the prime factors of (-30)/(-45) + (-52)/m.
2, 3
Suppose -34 = -4*o + 46. Let w(r) = -r**3 + 4*r**2 - 4*r + 4. Let q be w(3). Suppose 4*a - h - 29 = 0, 3*a - o = -2*h - q. What are the prime factors of a?
7
Suppose 0 = 2*c + 2, -3*n - c + 8 = 3. Suppose -n*k = k - 33. What are the prime factors of k?
11
Let c(x) = -19*x - 5. Let y be c(-4). Suppose 5*k - 99 = y. List the prime factors of k.
2, 17
Suppose -117*o + 775 = -112*o. List the prime factors of o.
5, 31
Let r(b) = -b**3 - 5*b**2 + 6*b + 2. Let h be r(-6). Suppose h*k + 3*k = 15, -2*i + 4*k = -54. List the prime factors of i.
3, 11
Let k(i) = -31*i - 8. List the prime factors of k(-3).
5, 17
Suppose -3*f + 126 = h, -3*h + 3*f + 297 = -h. List the prime factors of h.
3, 47
Suppose -5*y + 3*o = -45, -2*y - 5*o - 11 = 2. Let l be (3 + 1)*3/(-6). Let k = l + y. What are the prime factors of k?
2
Let p(n) = n**3 - n**2 - 10*n + 6. What are the prime factors of p(6)?
2, 3, 7
Suppose 0*u - 420 = -6*u. What are the prime factors of u?
2, 5, 7
Let o(r) = -3*r**2 - 3 + 4*r**2 + 2*r - 11*r. List the prime factors of o(11).
19
Let h = 2 + 5. List the prime factors of h.
7
Let v(l) = -l**2 - 6*l - 7. Let h be v(-5). Let i be (-122)/(-8) + h/8. Suppose -3*o = -t - 8, -7*t + 4*o = -2*t - i. List the prime factors of t.
7
Suppose 5*g - 5*h = 55, -2*g = -4*h + 1 - 33. Let c = 38 + g. List the prime factors of c.
2, 11
Let u be (-1)/((-1)/(-3))*-1. Suppose 0 = r + 2*r - u. Suppose 4*x - 29 = -r. List the prime factors of x.
7
Let b be ((-3)/1)/3 + 5. Let u(r) = -r**3 + 5*r**2 - 2*r - 3. What are the prime factors of u(b)?
5
Suppose -y + 3*o = o + 13, 0 = -y + 5*o - 25. List the prime factors of (-6)/y*(-30)/(-1).
2, 3
Suppose 5*v + 3 - 13 = 0. Let d be (-2)/(-6) - 22/(-6). Suppose 0*g + v*b - 4 = -2*g, -d*b = 0. What are the prime factors of g?
2
Let k be 1*(-1 - (1 + -3)). Let c be (k + 2)/6*2. List the prime factors of 17 + (-1 - (-2)/c).
2, 3
What are the prime factors of -2 - (-8)/3 - 250/(-3)?
2, 3, 7
Let d be 3/6 - 7/(-2). Suppose d = -2*u + 16. What are the prime factors of u?
2, 3
Suppose -t = 3*t + 5*n - 41, 4*t = n + 59. What are the prime factors of t?
2, 7
What are the prime factors of (-82)/6*9*-1?
3, 41
Let p = 40 - 28. Let c be (-6)/p*2/(-1). Suppose 2 = -h + 4*g + c, h - 17 = -2*g. What are the prime factors of h?
11
Let v = 20 - 59. Let k = 60 + v. What are the prime factors of k?
3, 7
List the prime factors of (-3582)/(-22) + 6/33.
163
Suppose 0 = -2*i - s + 4, 4*s = -i + 11 + 5. Suppose i = -4*j - v + 107, -4*j - 5*v - 30 = -133. List the prime factors of j.
3
Let c = 6 - 6. Suppose u + 4*g + 0*g - 14 = c, u - 5*g = -13. List the prime factors of u.
2
Suppose -t - 9 = 2*t. What are the prime factors of t*-1*(-88)/(-12)?
2, 11
Let i(r) = -r**3 + 7*r**2 - 3*r - 5. Suppose 4*a + a - 34 = -4*h, a - 10 = -4*h. List the prime factors of i(a).
13
Let n = -17 + 31. List the prime factors of (2/(-3))/(n/(-63)).
3
Suppose 72*h + 159 = 75*h. What are the prime factors of h?
53
Let v(f) be the third derivative of -f**5/60 - f**4/4 - f**3/3 + f**2. Let n be v(-6). List the prime factors of (-4)/(-6)*(-45)/n.
3, 5
Let r = 8 + -5. Suppose -2*k + 1 = r, -2*c = 5*k - 63. List the prime factors of c.
2, 17
Suppose 267 = -5*v - 4*o + 87, 2*v + 44 = 4*o. Let j = -18 - v. Suppose j = 5*z - 1. What are the prime factors of z?
3
Suppose 4 = 4*q - 6*q. Let r be 7 - 5 - 2/q. Suppose -5 = -o + r*x - 2, 15 = 5*o + 3*x. What are the prime factors of o?
3
Let h(t) = -6*t**3 + 4*t**2 - 3*t + 1. Let b(y) = y**3 + y - 1. Let u(w) = 5*b(w) + h(w). What are the prime factors of u(4)?
2
Suppose 6*l = 4*l + 4. Suppose b = -l*u + 19, 2*u - 3*b - 8 = -1. What are the prime factors of u?
2
Let a(l) be the second derivative of l**5/20 - l**4/12 - l**3/6 - l**2/2 + 3*l. Let s be a(3). List the prime factors of (s/(-3))/(2/(-6)).
2, 7
Suppose 0 = 5*d + l - 23 - 7, 5*l - 10 = -5*d. What are the prime factors of d?
7
Suppose o = -3*g + 5, -6*o + 25 = -4*g - o. Suppose g = 2*q - 2*i, 4*q - 15 - 1 = -4*i. List the prime factors of q.
2
Let y be -1*(-1 + 0) - -32. Suppose -2*r - 1 = -y. Let i = r + -10. List the prime factors of i.
2, 3
Let k be ((-4)/(-2))/2*5. Suppose 2*v + 3*v - 130 = -4*w, 120 = k*v + 2*w. What are the prime factors of v?
2, 11
Suppose 2*o = 5 + 3. Let m = -2 + o. List the prime factors of m.
2
Let u = -57 + 102. What are the prime factors of u?
3, 5
Let l(t) = -t**3 + 8*t**2 + 12*t + 4. What are the prime factors of l(9)?
31
Let b = 17 - 4. List the prime factors of b.
13
Suppose -d = 5*a - 28, -3*a + 5*d = -0*a - 28. Suppose -4*u - a*p + 37 = -p, -25 = -3*u - p. List the prime factors of u.
2
Let i = -10 + 18. Let q = -5 + i. List the prime factors of q.
3
Suppose 4*s + j + j - 22 = 0, 0 = -3*s + j + 9. Suppose -5*d + 12 = -s*d. List the prime factors of d.
2, 3
Let h = -29 - -41. What are the prime factors of 0 + (-8)/h*-15?
2, 5
Let d be -2 + 0 + 104/(-8). Let a = d + 34. List the prime factors of a.
19
Suppose 0 = 3*l - 5*f - 15, -7*f - 15 = l - 2*f. Suppose l = 3*o - 6, -o = -5*d + 4*o + 110. List the prime factors of d.
2, 3
Let f(z) = -z - 9. Let u be f(-8). List the prime factors of u + -2 + (-9 - -14).
2
Suppose -3*c + 644 = 155. What are the prime factors of c?
163
Let o = 17 + 1. Let r be (2/(-6))/((-3)/o). Suppose 4*x - 45 = -5*y, 0 = -r*x + 3*y - 8*y + 15. What are the prime factors of x?
3, 5
Let d = -216 + 353. List the prime factors of d.
137
Let g(p) = 6*p - 1. Let i(o) = o + 2. Let k be i(0). List the prime factors of g(k).
11
Let i(c) be the first derivative of -15*c**4/4 + c**3/3 - c**2/2 - c - 1. List the prime factors of i(-1).
2
Let b(a) = -2*a**3 - 2. Let p(k) = -3*k**3 - k**2 - k - 2. Let s(w) = -4*b(w) + 3*p(w). Let z be s(-3). Suppose -z = -3*c + 7. List the prime factors of c.
2, 3
Let q(n) = -n**3 - 2*n - 2. Let j be q(-2). Let r be 10/2 - (-2 - -5). Suppose r*b - j = 24. List the prime factors of b.
17
Suppose w = -w. Suppose -h = -w*h - 4. Let n(s) = s**3 - 5*s**2 + 4*s + 2. What are the prime factors of n(h)?
2
Let l(w) = w**3 - 10*w**2 - 12*w + 12. Let z be l(11). Suppose u - 16 = -u. Let k = u + z. What are the prime factors of k?
3
Suppose 0 = 6*x - 251 - 229. List the prime factors of x.
2, 5
Suppose h - 6 = 20. Let u = 20 - 16. Suppose u*o - h = 14. What are the prime factors of o?
2, 5
Suppose -t = -6*t + 115. List the prime factors of t.
23
Let i